of 50 and r?
10
Let f(z) = -2*z - 7. Let c be f(-5). Let t(u) = -3 + c + 2 + 34*u. Let o be t(2). What is the highest common factor of o and 7?
7
Let q be -1*(-4 - -3)*-1. Let u be q/6 + (-165)/(-18). Calculate the greatest common divisor of u and 6.
3
Suppose 0 = 12*y - 2 - 154. Calculate the highest common factor of 13 and y.
13
Let f = 10 - 7. Let m(b) = 11*b + 3. Let k be m(5). Let i = k - f. What is the greatest common factor of 22 and i?
11
Let c be (7 + -4 + 1)*26. What is the highest common divisor of 13 and c?
13
Suppose 2*w + 78 = r - 5*r, w - 101 = 5*r. Let u = 4 - r. Suppose -20 = 5*k, -3*k = 3*f + 2*k + 11. Calculate the greatest common factor of u and f.
3
Let n be (112/10)/((-8)/(-60)). Suppose 5*r - 2 = k + 2, -5*r - 80 = -5*k. What is the highest common factor of k and n?
21
Suppose 3*u + 10 = w - 2, -5*u = w + 20. Suppose -5*x + w*x + 82 = -4*m, 4*x = -3*m + 47. Calculate the highest common factor of 28 and x.
14
Let a(c) = -c + 6. Let h be a(5). Let f be ((-102)/(-15))/(h/5). What is the highest common divisor of f and 85?
17
Let h be -9 - -5 - (3 + -79). What is the greatest common divisor of 8 and h?
8
Let n(d) = -2*d**2 - 29*d - 6. Let j(v) = v**2 + 10*v + 2. Let z(l) = 11*j(l) + 4*n(l). Let k be z(-4). What is the greatest common divisor of 28 and k?
14
Let w = -4 + 0. Let v be ((-2)/(-2))/(2/12). Let c = v + w. What is the highest common divisor of 3 and c?
1
Suppose 5*y = 3*y + 4. Suppose 4*q = 38 + y. Calculate the highest common divisor of q and 50.
10
Let s = 22 + -10. Calculate the highest common factor of 84 and s.
12
Let c(f) be the first derivative of f**3/3 - 7*f**2/2 + 5*f + 2. Let i be c(8). Calculate the highest common factor of 52 and i.
13
Let q = -32 - -95. Suppose q + 217 = 5*f. Calculate the greatest common divisor of 14 and f.
14
Let k(a) = 2*a. Let f be k(3). Let l(o) = o**2 - 6*o + 8. Let w be l(f). What is the highest common factor of w and 2?
2
Suppose -4*n - 2*t = -64, 4*n - 2*t = 34 + 38. Let a = -74 - -159. What is the greatest common divisor of a and n?
17
Suppose 0 = -l - l + 12. What is the highest common factor of 15 and l?
3
Let b(k) = -k**3 + 10*k**2 - 8*k - 4. Let i be b(9). Suppose 261 = i*l - 5*g - 184, 3*l + 4*g - 274 = 0. What is the highest common divisor of 10 and l?
10
Let l be ((-1)/(-2))/((-4)/(-592)). Let j = l - 44. Suppose -2*f + h + 5 = 0, 2*f + 6*h = 2*h + j. What is the highest common factor of 10 and f?
5
Let x(d) = -28*d. Let z be x(-1). Let o(y) = -y**2 - y + 28. Let v be o(0). Calculate the greatest common factor of v and z.
28
Suppose 0 = -2*g + 3 + 23. Let a = 43 - g. What is the highest common factor of a and 6?
6
Let c(h) = h**2 - 3*h - 11. Let a be c(-5). Calculate the greatest common divisor of 145 and a.
29
Let d(v) = v + 17. Let z be d(-11). What is the greatest common divisor of 3 and z?
3
Let v be (-1)/4*-2*2. Suppose 4*q - 16 = 0, -2*i - q = -8 - 4. Let y be (-207)/(-63) - i/14. Calculate the highest common factor of y and v.
1
Let g = 68 + 67. Suppose i + 15 = 2*i. What is the greatest common factor of g and i?
15
Let p be -10 + 238 - (-2 - 1). Calculate the greatest common divisor of 21 and p.
21
Let c = 0 + 2. Suppose -c*g - 3*g = 0. Let d = g + 25. Calculate the greatest common divisor of 5 and d.
5
Suppose -381 = -3*v - 2*i, -2*v + 3*i = -3*v + 134. Let h be ((-1 - 8) + -1)*-5. What is the greatest common divisor of v and h?
25
Let m be (9/(-3) + 2)*-9. What is the greatest common divisor of m and 1?
1
Let k be -3 + 4 + 0 + 3. Suppose -k*z = -4*j + 44, 9*z = 4*z + 5. Let q be (-20)/(2*3/(-18)). What is the greatest common divisor of q and j?
12
Suppose 0 = -t - t, -5 = -h + t. Suppose -2*u = -b + 15, 1 = -3*b + 4*b + h*u. Calculate the greatest common divisor of 99 and b.
11
Suppose -10 = 5*d, 0*d - 40 = -3*r + 5*d. Calculate the highest common divisor of 10 and r.
10
Let i be (-162)/(-5) + 4/(-10). Suppose 3*g - j + 0*j = 12, -3*j - 12 = -3*g. What is the greatest common factor of i and g?
4
Suppose -9*c - 4*g = -4*c - 93, -g - 3 = 0. Suppose -f = -5*f - 3*x + 267, 5*f - 340 = -5*x. Calculate the greatest common factor of c and f.
21
Let z(a) = 2*a**3 + 2*a**2 - 3*a + 2. Let q be z(2). Suppose -2*f + 14 = l, f - 2*l = -f + q. Calculate the highest common factor of f and 24.
8
Let u(s) = s - 2. Let d be u(3). Let c(g) = 16*g - 38 + 38. Let t be c(d). What is the greatest common divisor of 112 and t?
16
Let r be 10/(-45) - 2276/(-36). Calculate the highest common factor of 7 and r.
7
Suppose -5*g - 52 = -4*m + 116, 4*m - 4*g = 168. Let i(p) = -28*p**2 + 1. Let f be i(-1). Let l = f + m. Calculate the greatest common factor of 10 and l.
5
Suppose 3*z = -2*z. Suppose z = s + s - 4. Calculate the highest common factor of 2 and s.
2
Let x(d) = -d**2 - 2 - d - 3 - d**2 - d**3. Let y be x(-5). Calculate the highest common divisor of y and 30.
15
Suppose -4*w - 2*n - 2*n + 216 = 0, -4*w = 3*n - 212. Suppose 3*d + 5*f - 151 = -0*d, -d + w = 2*f. Calculate the highest common factor of d and 13.
13
Let g(r) = -2*r + 48. Let d be g(9). Let v(u) = 7*u**2 + 5*u - 3. Let p be v(3). Calculate the greatest common divisor of d and p.
15
Suppose 3*y - 4*i - 488 = 0, -4*i - 4 = 16. Calculate the highest common factor of 104 and y.
52
Let l = 99 + -49. Let p(x) = 2*x. Let z be p(5). What is the greatest common divisor of z and l?
10
Let y be 3 + 38 - (-1 + 2). Suppose -2*x = -0*x - y. Let s = x - -12. What is the highest common factor of s and 4?
4
Let w(o) = 3*o**2 - 5*o - 6. Let j be w(5). What is the highest common divisor of 11 and j?
11
Suppose -p = -2*p + 186. Suppose g = 23 - p. Let m be g/(-2) - 1/2. What is the highest common divisor of m and 9?
9
Let w = 10 + -14. Let j = w + 4. Suppose 2*h + 4*t - 2 = j, 8 + 4 = 3*h + 3*t. Calculate the greatest common factor of h and 63.
7
Suppose 16 = -4*z - 4. Let o = z + 12. Let a = -3 + o. What is the greatest common factor of 28 and a?
4
Let w be (9 - 1)*(-28 + 36). What is the greatest common factor of 112 and w?
16
Suppose -j + 2*b + 3 = -9, -31 = -2*j - 3*b. Let m = j + 0. Let l = m + -8. What is the greatest common divisor of 54 and l?
6
Let b(z) = -2*z + 1. Let r be b(0). Suppose 2*f - r = 5. Calculate the highest common divisor of 21 and f.
3
Let a = 24 + -10. Calculate the highest common divisor of a and 35.
7
Let a = -145 + 376. What is the highest common divisor of 21 and a?
21
Suppose 3*c - 27 = -9. Suppose 6 = -0*m - 2*m. Let y = m + c. What is the highest common divisor of 2 and y?
1
Let z(c) = -c**3 - 7*c**2 + 3*c - 8. Let p be z(-8). Let r = -16 - -24. What is the highest common factor of r and p?
8
Let t = -149 + 313. Suppose 0 = 4*s - 0*s - 416. Let a = t - s. What is the greatest common factor of 6 and a?
6
Suppose 3*b = 6*b - 9. Let u(c) = 7*c**2 - 5*c + 3. Let h be u(b). Calculate the greatest common divisor of 17 and h.
17
Suppose -d - 7*d + 144 = 0. Calculate the highest common factor of d and 6.
6
Let v(y) = -4*y + 29. Let h be v(6). Calculate the greatest common divisor of h and 1.
1
Let p(s) = 20*s**2. Let y be p(2). Let t = -22 - -1. Let m = t + 29. Calculate the highest common divisor of y and m.
8
Suppose -o - z - 146 + 51 = 0, -5*z = -4*o - 416. Let l be (o/(-6))/((-2)/(-8)). Calculate the highest common factor of 44 and l.
22
Let p = 2 - 0. Suppose -i + 11 = -3*j, -3*j + p*i - 2 = -2*j. Let d be (-8)/j - (0 + -2). Calculate the greatest common divisor of 4 and d.
4
Let z be 20/(-70) - 716/(-7). Calculate the highest common factor of z and 34.
34
Let n(u) = -7*u - 36. Let p be n(-24). What is the greatest common factor of 12 and p?
12
Let r be 2/4 + (-2)/4. Suppose r = -t + h, t + 3*h - 2 = 3*t. Let m = 8 - t. Calculate the greatest common divisor of 12 and m.
6
Let f be 4/(-10) - 6171/(-15). Suppose -3*b + f = 75. What is the greatest common factor of b and 14?
14
Suppose -p + 6*p - 100 = 0. What is the highest common divisor of p and 20?
20
Let s(q) = q**2 + 5*q - 7. Let b be s(-7). Let j = b - -6. Let x = 359 + -255. Calculate the greatest common factor of x and j.
13
Let v = 236 - -1598. Suppose -5*c - v + 9659 = 0. Let k be 2/5 - c/(-25). Calculate the greatest common divisor of 7 and k.
7
Suppose 5*c = 9*c - 156. Calculate the greatest common factor of c and 39.
39
Let h be (-3)/(15/12 